3. Let w be r(8). Suppose 0*z + 14 = -5*k - w*z, -4*k + z = 18. List the prime factors of (-1 - k)/((-15)/(-65)).
13
Let t = 176445 - 114967. What are the prime factors of t?
2, 59, 521
Let o(n) be the third derivative of n**5/10 + n**4/4 - n**3 + n**2. Let h be (-2)/((-286)/(-737)) + (-2)/(-13). What are the prime factors of o(h)?
2, 3, 19
Suppose -16*y + 3*f = -13*y - 7311, 0 = 3*y - f - 7315. List the prime factors of y.
3, 271
Let c = 2225 - -15635. List the prime factors of c.
2, 5, 19, 47
Let p = 12242 + -7371. What are the prime factors of p?
4871
Let g(b) = 188*b**2 - 45*b + 470. What are the prime factors of g(12)?
2, 23, 587
Let a(l) be the second derivative of 265*l**3/6 - 271*l**2/2 - 34*l. List the prime factors of a(5).
2, 17, 31
Suppose -1245*m + 1119*m + 3438666 = 0. What are the prime factors of m?
3, 11, 827
Let b(w) = -34*w - 34. Let p = 24 + -4. Let v = p - 26. List the prime factors of b(v).
2, 5, 17
Let v(o) = -2245*o + 2383. List the prime factors of v(-22).
23, 2251
Suppose 34*v - 101772 - 125348 = 0. What are the prime factors of v?
2, 5, 167
Let t(a) = a**2 + 2*a - 14. Let l be (-2)/(-10) - 156/(-20). Let x be t(l). Let m = x - -98. What are the prime factors of m?
2, 41
Let n = -101 - -212. Let t = n - 104. List the prime factors of (-3)/(12/(-616)) - (3 - t).
2, 79
Let s be 5*((-68)/(-51))/((-8)/(-6)). Suppose -156 = -v + i, 2*v + s*i - 158 = 154. What are the prime factors of v?
2, 3, 13
Let t(a) = 2. Let m(u) = 9*u + 25. Let h(l) = -m(l) + 3*t(l). List the prime factors of h(-17).
2, 67
Suppose 0 = 4*q, -2394 = -0*w - 4*w - 4*q + 3098. List the prime factors of w.
1373
Let a = -60 + 74. Suppose -1191 = -a*k + 3443. Suppose k = 4*r + 2*y - y, -y = -r + 89. List the prime factors of r.
2, 3, 7
What are the prime factors of (-528966)/36*4/(-18) - 20/90?
5, 653
Let w be 2 - (-4 + 11 + -3). Let x be 118/2*w/8*-20. Suppose -4*z + 291 = -5*s, z = -3*z + s + x. List the prime factors of z.
2, 37
Suppose 13*c = 24*c - 55. Suppose -4*v + 4343 = 3*a - 1406, -c*v = -5*a + 9640. What are the prime factors of a?
3, 641
Let y be (2/(-4) - 3)*-6. Suppose -y*i + 6127 = -3470. What are the prime factors of i?
457
Let m be -8 - -15 - 3 - (-2736 - 0). Suppose -8*g + m = 2*g. What are the prime factors of g?
2, 137
Let k be 6/(-14) + 2717/133. Suppose 0 = 22*x - k*x - 666. What are the prime factors of x?
3, 37
Suppose 95*m + 92 = 99*m. Suppose -m*l - 2392 = -13823. List the prime factors of l.
7, 71
Let t = -2412 - -9406. What are the prime factors of t?
2, 13, 269
List the prime factors of (-50106)/(-10) - 240/400.
2, 3, 5, 167
Let d = 56620 - 34291. What are the prime factors of d?
3, 827
Suppose 0 = -f - 3*f - 2*f. Let q be -2 + 1 + 2 + (f - 4). What are the prime factors of ((-476)/6)/(2/q)?
7, 17
Suppose w + f = 38133, 5*w + 67789 = f + 258490. What are the prime factors of w?
3, 12713
Suppose -3*a = -2*j - 20775, -20*a - 2*j = -17*a - 20799. List the prime factors of a.
13, 41
Let r be (-46)/(-115) - (0 + 858/(-5)). Let v = r + -110. List the prime factors of v.
2, 31
Suppose 0 = 2*n - 10, -5*j + 13*n + 193735 = 8*n. What are the prime factors of j?
2, 7, 173
Suppose 0 = 2*x + 2*q - 14, -x - 3*q - 2 = -13. Let z(f) = -197 + 50*f + 36 + 48 + 50 + 52. List the prime factors of z(x).
239
Let o = 10707 + 17426. List the prime factors of o.
7, 4019
Suppose -15*k + 20*k = w + 13, -3*k = -4*w - 1. Suppose -5*n + w*c = -c - 1748, 0 = -c + 4. List the prime factors of n.
2, 11
Let x be 7 + (0 - (4*-2)/4). Suppose -x*r + 2115 = -0*r. Let c = 380 - r. What are the prime factors of c?
5, 29
Suppose -4*u = 4*c - 51460, 10*c = 12*c - 2*u - 25730. What are the prime factors of c?
5, 31, 83
Suppose f + 274 - 514 = 0. What are the prime factors of f?
2, 3, 5
Let s(l) = -184*l**3 - 2*l**2 + l + 2. Suppose 5*x + 2*a = -3*a - 115, 4*x - 4*a = -68. Let t be (-2)/(2 - 0)*(x - -21). What are the prime factors of s(t)?
3, 61
List the prime factors of 3550/14*7 + (-3 - 4).
2, 13, 17
Suppose -4*x - 2*c + 3116 = -c, 2*c + 3908 = 5*x. Suppose -2*t + 40 + 354 = -3*q, 4*t - 2*q = x. List the prime factors of t.
2, 97
Let q(s) be the first derivative of 25*s**2/2 + 47*s + 52. List the prime factors of q(16).
3, 149
Let c be (22/33)/(2/549). Suppose -8*s + 7*s - v = 4, -v = -3*s - 4. What are the prime factors of 8/(8/c) - s?
5, 37
Suppose 0 = 2*o + 1 - 5. Let f be -1*4/o + 5*1. Suppose -2*y = n - 28, -f*n + 3*y = -5*n + 60. List the prime factors of n.
2, 3
Let b be (-8)/20 - (-44)/10. Suppose 4*v + 2*x + 18 = 0, b*v - 8*v + 4*x = -12. List the prime factors of 344/(-2)*v/4.
2, 43
List the prime factors of 90/3330 - 444850/(-37).
11, 1093
Let s(y) = 207*y - 36. Suppose -7*m = -23*m + 80. List the prime factors of s(m).
3, 37
List the prime factors of -69*(8 + 17022/(-18) - 0).
23, 29, 97
Let y be 111/(-15) - (-6)/15. Let x(z) be the third derivative of z**5/20 - 5*z**4/24 + 19*z**3/6 - 4*z**2 - 6*z. List the prime factors of x(y).
3, 67
Let q(g) = 7*g**3 + g**2 + 8*g + 12. Let h = 41 + -36. What are the prime factors of q(h)?
2, 7, 17
Suppose 0 = -4*t, 4*t = -2*z + 9*t + 4370. Suppose z + 1650 = 5*y. What are the prime factors of y?
13, 59
Let v = 30220 - 1943. List the prime factors of v.
28277
Suppose 4*p = 3*s - 40079, -5*s = -4*p - 31792 - 8289. List the prime factors of p/(-27) - (-124)/(-1674).
7, 53
Suppose -16*h + 1067058 = 31*h - 1210703. List the prime factors of h.
48463
Let z(u) = 13*u - 25 + 16*u - 24*u. What are the prime factors of z(25)?
2, 5
Let p be 20/220 + (-2111)/(-11). Suppose 3*n = -4*v + 224 - 83, -4*n - 4*v + p = 0. List the prime factors of n.
3, 17
List the prime factors of 0 - -68286 - (809 + -799).
2, 13, 101
Let r = 357 + -354. Suppose -r*g = -5*i + 4142, -2*g - g - 3316 = -4*i. List the prime factors of i.
2, 7, 59
Let b = -45174 + 77553. List the prime factors of b.
3, 43, 251
What are the prime factors of -6 + 21510 + -1 + 4?
3, 67, 107
List the prime factors of (-4 + (-30950)/15)/(304/51 + -6).
7, 17, 443
Let v be 6 + ((-1)/3 - (-7)/21). Suppose v*i - 43 - 17 = 0. Suppose 2*p = -i, -3*u - 2*p + 99 = p. What are the prime factors of u?
2, 19
Suppose 0 = -12*u - 0*u - 384. What are the prime factors of 8/u + 14/(-16)*-278?
3
Let u = 127 - 20. Suppose 3*p - u = -c, -4*p = -0*c - 5*c - 168. Suppose 9*s + p = 10*s. What are the prime factors of s?
37
Suppose 111 = m + 6*i - 5*i, 5*m - 4*i - 510 = 0. Suppose -m*r = -120*r + 7140. List the prime factors of r.
2, 3, 5, 17
Let j = 3082 - 1421. Let r = 24 + j. What are the prime factors of r?
5, 337
Suppose 0 = 3*g + 1 - 16, 2*a - 5*g = -21. Suppose -3*p - a*t = -1202, -4*p = 4*t - 9*t - 1595. What are the prime factors of p?
2, 5
Let z = -10563 + 23223. What are the prime factors of z?
2, 3, 5, 211
Let b(s) = 0 - 12 - 59*s + 1 - 2. Let z be b(-9). Suppose 123 = u - 4*j, -4*u + 3*j + z = -0*j. What are the prime factors of u?
131
Suppose 81*i - 4*b - 10436 = 80*i, -i - 4*b = -10452. What are the prime factors of i?
2, 7, 373
Let c(r) = 54*r - 5*r - 54 + 135*r - 28*r. What are the prime factors of c(7)?
2, 3, 173
Let a(i) = -2*i**3 + 69*i**2 - 30*i + 189. List the prime factors of a(31).
2, 41, 73
Let d be (-5 + 1)*20/(-16). Suppose -a - 1157 = -d*b, -a - 2*a = b - 241. What are the prime factors of b?
2, 29
What are the prime factors of 212/(-8 + (-58786)/(-7345))?
2, 5, 53, 113
Let h(s) = 507*s**3 - 4*s**2 - 23*s + 12. List the prime factors of h(4).
2, 3, 673
Suppose u + 159 = 2*p + 139, -109 = 5*u - p. Let o(w) = -3*w**2 - 73*w - 32. What are the prime factors of o(u)?
2, 61
Let q = 5997 + -2622. Suppose q = 4*h + h. Suppose 203 = -4*x + h. What are the prime factors of x?
2, 59
Suppose -4*h = 1 + 51. Let d(x) = -43*x + 0*x**2 + 23 + x**2 + 39*x. What are the prime factors of d(h)?
2, 61
Let o = -3638 - -339. Let z = -2275 - o. List the prime factors of z.
2
Suppose 0 = -p - 1 + 3. Let j(w) = 4*w**2 + 11*w + 38. Let v be j(-6). Suppose a - 38 = -k, a = 3*k + p*a - v. List the prime factors of k.
3, 13
Let s(q) = -5*q - 140. Let w be s(-29). Suppose 0 = -w*z + 10673 - 2393. List the prime factors of z.
2, 3, 23
Let o be (-3)/(-7) - (-1599)/91. Suppose -a + 36 = 4*a + 2*c, 2*a = -2*c + o. Suppose a*j = -0*j + 492. What are the prime factors of j?
2, 41
Let v(q) = q**2 + 7*q + 23